3031 and 394463?
433
What is the highest common factor of 90 and 10770?
30
What is the highest common factor of 126 and 434658?
42
Calculate the highest common factor of 6123 and 15769.
13
What is the greatest common divisor of 544 and 20576?
32
What is the highest common factor of 111910 and 76?
38
What is the greatest common factor of 218 and 579226?
218
What is the greatest common factor of 24 and 333096?
24
What is the greatest common divisor of 42 and 61418?
14
Calculate the greatest common divisor of 28193 and 1864.
233
What is the highest common divisor of 50 and 7030?
10
What is the highest common divisor of 101535 and 405?
15
What is the greatest common divisor of 251168 and 1880?
376
Calculate the greatest common factor of 3077 and 4658.
17
Calculate the greatest common divisor of 2576 and 928165.
161
What is the highest common divisor of 3277 and 19575?
29
Calculate the greatest common divisor of 23506 and 2231.
23
Calculate the highest common factor of 555 and 4035.
15
What is the greatest common factor of 236842 and 158?
158
Calculate the greatest common divisor of 370071 and 1287.
117
What is the highest common divisor of 231609 and 21?
21
What is the greatest common factor of 65084 and 424?
212
Calculate the highest common factor of 2881 and 13846.
43
Calculate the greatest common factor of 74 and 608650.
74
What is the highest common factor of 528 and 601062?
66
Calculate the greatest common factor of 27 and 54297.
27
What is the greatest common factor of 40 and 216165?
5
What is the greatest common factor of 3293965 and 145?
145
What is the greatest common factor of 4706 and 1267?
181
What is the greatest common factor of 416085 and 270?
15
What is the greatest common divisor of 629 and 2567?
17
Calculate the highest common divisor of 470 and 5408102.
94
Calculate the highest common divisor of 36 and 9012.
12
What is the greatest common divisor of 1176 and 23814?
294
Calculate the highest common factor of 15004 and 9796.
124
What is the highest common divisor of 506765 and 70?
35
Calculate the greatest common divisor of 208 and 5967.
13
Calculate the highest common factor of 4640 and 586670.
290
Calculate the greatest common factor of 190 and 6070.
10
Calculate the greatest common divisor of 958 and 52.
2
What is the greatest common factor of 7182 and 912?
114
Calculate the highest common factor of 58690 and 20.
10
Calculate the greatest common factor of 1270 and 563372.
254
What is the highest common factor of 28969 and 1829?
59
What is the highest common divisor of 3448 and 519786?
862
What is the highest common divisor of 5596 and 412?
4
What is the highest common factor of 4 and 3231860?
4
Calculate the highest common factor of 10235 and 23.
23
Calculate the greatest common factor of 75785 and 483.
23
Calculate the greatest common divisor of 6412 and 161.
7
Calculate the highest common divisor of 4587 and 825.
33
What is the greatest common factor of 12248702 and 74?
74
What is the greatest common factor of 546 and 1722?
42
Calculate the highest common divisor of 134152 and 136.
8
Calculate the highest common factor of 630 and 5760.
90
Calculate the greatest common factor of 728 and 77224.
56
What is the greatest common factor of 9625 and 6825?
175
Calculate the greatest common divisor of 37386 and 837.
279
Calculate the highest common factor of 29051 and 417.
139
Calculate the greatest common divisor of 225 and 27975.
75
Calculate the greatest common factor of 17708 and 13747.
233
Calculate the highest common factor of 23104 and 18392.
152
Calculate the greatest common factor of 1911 and 13065.
39
Calculate the greatest common factor of 26 and 14495.
13
What is the highest common divisor of 157626 and 81?
81
Calculate the greatest common factor of 672 and 29127.
21
What is the greatest common divisor of 16872 and 3591?
57
Calculate the highest common divisor of 1850 and 627890.
370
What is the greatest common divisor of 258 and 448662?
258
What is the greatest common factor of 9331 and 301?
301
What is the greatest common factor of 459 and 1566?
27
What is the highest common factor of 2472 and 6592?
824
Calculate the highest common factor of 164 and 7680.
4
What is the highest common factor of 440 and 12518?
22
What is the highest common factor of 3027 and 51?
3
Calculate the greatest common divisor of 11250 and 127125.
1125
What is the greatest common factor of 140 and 26012?
28
Calculate the highest common divisor of 11223 and 559.
43
What is the greatest common factor of 17028 and 2709?
387
Calculate the greatest common factor of 26575 and 25.
25
Calculate the greatest common factor of 3 and 249303.
3
Calculate the greatest common factor of 22428 and 88074.
126
What is the highest common factor of 133 and 2470?
19
What is the highest common factor of 26 and 2109094?
26
Calculate the highest common divisor of 172 and 244756.
172
What is the highest common divisor of 36798 and 54?
6
What is the greatest common factor of 606 and 3760634?
202
What is the greatest common divisor of 56152 and 64?
8
Calculate the greatest common factor of 168 and 85449.
21
Calculate the greatest common divisor of 936 and 53976.
312
What is the greatest common factor of 47691 and 1575?
63
Calculate the highest common divisor of 9015 and 2187039.
1803
What is the highest common divisor of 26 and 88166?
26
Calculate the highest common factor of 69 and 8717.
23
What is the highest common divisor of 486666 and 684?
342
Calculate the greatest common factor of 54160 and 82594.
1354
What is the highest common divisor of 60704 and 896?
224
Calculate the greatest common factor of 3999997 and 2631.
877
What is the greatest common factor of 25890 and 50?
10
What is the highest common factor of 90585 and 25620?
915
Calculate the greatest common divisor of 1008328 and 56.
8
What is the greatest common divisor of 1700 and 60520?
340
What is the greatest common factor of 226374 and 58?
58
Calculate the greatest common factor of 220524 and 345.
69
What is the greatest common factor of 2 and 3061?
1
Calculate the highest common factor of 82537 and 455.
91
Calculate the greatest common factor of 161275 and 25.
25
Calculate the greatest common factor of 112 and 359968.
112
What is the greatest common factor of 230681 and 22?
11
What is the highest common factor of 9592 and 5777?
109
Calculate the highest common factor of 1200 and 6816.
48
What is the highest common divisor of 2355 and 352465?
785
What is the greatest common divisor of 28070 and 56?
14
What is the greatest common factor of 8906 and 2074?
122
What is the greatest common factor of 360 and 1059?
3
What is the greatest common factor of 1586208 and 96?
96
Calculate the greatest common factor of 2622 and 50370.
138
Calculate the greatest common factor of 190410 and 2442.
66
Calculate the highest common divisor of 12873016 and 2132.
2132
Calculate the highest common divisor of 150 and 2296.
2
Calculate the highest common factor of 16247 and 1617.
77
Calculate the highest common divisor of 195 and 254685.
15
Calculate the highest common divisor of 8520 and 170116.
284
Calculate the highest common divisor of 14935 and 6090.
145
What is the highest common divisor of 430900 and 5004?
556
What is the highest common factor of 24808 and 140?
28
What is the greatest common factor of 8309 and 821404?
1187
Calculate the greatest common divisor of 142555 and 315.
35
Calculate the greatest common divisor of 1393560 and 14.
14
What is the highest common divisor of 1065 and 15?
15
Calculate the highest common divisor of 8151 and 2145.
429
Calculate the greatest common factor of 58710 and 152.
38
Calculate the greatest common divisor of 2352 and 9128.
56
Calculate the greatest common divisor of 9853 and 334.
167
What is the highest common divisor of 252404 and 801?
89
Calculate the greatest common divisor of 600675 and 75.
75
What is the greatest common divisor of 1688078 and 2?
2
What is the highest common divisor of 297 and 2555586?
99
What is the greatest common divisor of 344 and 64?
8
Calculate the greatest common divisor of 3800 and 10770.
10
What is the greatest common factor of 5423740 and 35?
35
What is the highest common factor of 330064 and 3789?
421
Calculate the greatest common factor of 177 and 2454